{"id":1389,"date":"2017-07-23T18:55:35","date_gmt":"2017-07-23T16:55:35","guid":{"rendered":"http:\/\/www.ffw-langenisarhofen.de\/?page_id=1389"},"modified":"2017-10-07T15:42:40","modified_gmt":"2017-10-07T13:42:40","slug":"schutzgebiet","status":"publish","type":"page","link":"http:\/\/www.ffw-langenisarhofen.de\/?page_id=1389","title":{"rendered":"Schutzgebiet"},"content":{"rendered":"<div id=\"fb-root\"><\/div>\n<p>Das Schutzgebiet der Feuerwehr Langenisarhofen erstreckt sich \u00fcber die Ortschaften Blindm\u00fchl, Gilsen\u00f6d und Langenisarhofen.<\/p>\n<p>Im Einsatzgebiet befinden sich neben zwei Waldfl\u00e4chen mit etwa 30 und 10 ha ein Lagerhaus, eine Tankstelle sowie mehrere KFZ- und Landmaschinenh\u00e4ndler. Au\u00dferdem liegt die Bundesstra\u00dfe B8 und ein Teilabschnitt der Bahnstrecke Regensburg-Passau im Einflussgebiet.<\/p>\n<p>Der Schutzbereich ist im Wesentlichen festgelegt durch die Gemarkungsgrenzen der ehemaligen Gemeinde Langenisarhofen, wobei jedoch die DEG18 und DEG21 \u00f6stlich von Moos als Begrenzung zum Schutzgebiet der FF Moos dienen.<\/p>\n<p><a href=\"http:\/\/www.ffw-langenisarhofen.de\/wp-content\/uploads\/2017\/07\/Schutzgebiet-1.jpg\"><img loading=\"lazy\" decoding=\"async\" class=\"alignnone wp-image-1421 size-large\" src=\"http:\/\/www.ffw-langenisarhofen.de\/wp-content\/uploads\/2017\/07\/Schutzgebiet-1-1024x715.jpg\" alt=\"\" width=\"860\" height=\"600\" srcset=\"http:\/\/www.ffw-langenisarhofen.de\/wp-content\/uploads\/2017\/07\/Schutzgebiet-1-1024x715.jpg 1024w, http:\/\/www.ffw-langenisarhofen.de\/wp-content\/uploads\/2017\/07\/Schutzgebiet-1-300x209.jpg 300w, http:\/\/www.ffw-langenisarhofen.de\/wp-content\/uploads\/2017\/07\/Schutzgebiet-1-768x536.jpg 768w, http:\/\/www.ffw-langenisarhofen.de\/wp-content\/uploads\/2017\/07\/Schutzgebiet-1.jpg 1500w\" sizes=\"auto, (max-width: 860px) 100vw, 860px\" \/><\/a><\/p>\n<p>Dar\u00fcber hinaus z\u00e4hlt der Isardamm zwischen der Isarm\u00fcndung und der Wehr beim Grafenm\u00fchlbach (N\u00e4he Infohaus) zum Dienstbereich der FF Langenisarhofen.<\/p>\n<p><a href=\"http:\/\/www.ffw-langenisarhofen.de\/wp-content\/uploads\/2017\/07\/Damm-1.jpg\"><img loading=\"lazy\" decoding=\"async\" class=\"alignnone wp-image-1423 size-large\" src=\"http:\/\/www.ffw-langenisarhofen.de\/wp-content\/uploads\/2017\/07\/Damm-1-1024x608.jpg\" alt=\"\" width=\"860\" height=\"511\" srcset=\"http:\/\/www.ffw-langenisarhofen.de\/wp-content\/uploads\/2017\/07\/Damm-1-1024x608.jpg 1024w, http:\/\/www.ffw-langenisarhofen.de\/wp-content\/uploads\/2017\/07\/Damm-1-300x178.jpg 300w, http:\/\/www.ffw-langenisarhofen.de\/wp-content\/uploads\/2017\/07\/Damm-1-768x456.jpg 768w, http:\/\/www.ffw-langenisarhofen.de\/wp-content\/uploads\/2017\/07\/Damm-1.jpg 1500w\" sizes=\"auto, (max-width: 860px) 100vw, 860px\" \/><\/a><\/p>\n","protected":false},"excerpt":{"rendered":"<p>Das Schutzgebiet der Feuerwehr Langenisarhofen erstreckt sich \u00fcber die Ortschaften Blindm\u00fchl, Gilsen\u00f6d und Langenisarhofen. Im Einsatzgebiet befinden sich neben zwei Waldfl\u00e4chen mit etwa 30 und 10 ha ein Lagerhaus, eine Tankstelle sowie mehrere KFZ- und Landmaschinenh\u00e4ndler. Au\u00dferdem liegt die Bundesstra\u00dfe B8 und ein Teilabschnitt der Bahnstrecke Regensburg-Passau im Einflussgebiet. Der Schutzbereich ist im Wesentlichen festgelegt durch die Gemarkungsgrenzen der ehemaligen<\/p>\n","protected":false},"author":3,"featured_media":0,"parent":29,"menu_order":4,"comment_status":"closed","ping_status":"closed","template":"","meta":{"footnotes":"","_links_to":"","_links_to_target":""},"class_list":["post-1389","page","type-page","status-publish"],"acf":[],"_links":{"self":[{"href":"http:\/\/www.ffw-langenisarhofen.de\/index.php?rest_route=\/wp\/v2\/pages\/1389","targetHints":{"allow":["GET"]}}],"collection":[{"href":"http:\/\/www.ffw-langenisarhofen.de\/index.php?rest_route=\/wp\/v2\/pages"}],"about":[{"href":"http:\/\/www.ffw-langenisarhofen.de\/index.php?rest_route=\/wp\/v2\/types\/page"}],"author":[{"embeddable":true,"href":"http:\/\/www.ffw-langenisarhofen.de\/index.php?rest_route=\/wp\/v2\/users\/3"}],"replies":[{"embeddable":true,"href":"http:\/\/www.ffw-langenisarhofen.de\/index.php?rest_route=%2Fwp%2Fv2%2Fcomments&post=1389"}],"version-history":[{"count":9,"href":"http:\/\/www.ffw-langenisarhofen.de\/index.php?rest_route=\/wp\/v2\/pages\/1389\/revisions"}],"predecessor-version":[{"id":1424,"href":"http:\/\/www.ffw-langenisarhofen.de\/index.php?rest_route=\/wp\/v2\/pages\/1389\/revisions\/1424"}],"up":[{"embeddable":true,"href":"http:\/\/www.ffw-langenisarhofen.de\/index.php?rest_route=\/wp\/v2\/pages\/29"}],"wp:attachment":[{"href":"http:\/\/www.ffw-langenisarhofen.de\/index.php?rest_route=%2Fwp%2Fv2%2Fmedia&parent=1389"}],"curies":[{"name":"wp","href":"https:\/\/api.w.org\/{rel}","templated":true}]}}

<div id="fb-root"></div>
<p>Das Schutzgebiet der Feuerwehr Langenisarhofen erstreckt sich über die Ortschaften Blindmühl, Gilsenöd und Langenisarhofen.</p>
<p>Im Einsatzgebiet befinden sich neben zwei Waldflächen mit etwa 30 und 10 ha ein Lagerhaus, eine Tankstelle sowie mehrere KFZ- und Landmaschinenhändler. Außerdem liegt die Bundesstraße B8 und ein Teilabschnitt der Bahnstrecke Regensburg-Passau im Einflussgebiet.</p>
<p>Der Schutzbereich ist im Wesentlichen festgelegt durch die Gemarkungsgrenzen der ehemaligen Gemeinde Langenisarhofen, wobei jedoch die DEG18 und DEG21 östlich von Moos als Begrenzung zum Schutzgebiet der FF Moos dienen.</p>
<p><a href="http://www.ffw-langenisarhofen.de/wp-content/uploads/2017/07/Schutzgebiet-1.jpg"><img loading="lazy" decoding="async" class="alignnone wp-image-1421 size-large" src="http://www.ffw-langenisarhofen.de/wp-content/uploads/2017/07/Schutzgebiet-1-1024x715.jpg" alt="" width="860" height="600" srcset="http://www.ffw-langenisarhofen.de/wp-content/uploads/2017/07/Schutzgebiet-1-1024x715.jpg 1024w, http://www.ffw-langenisarhofen.de/wp-content/uploads/2017/07/Schutzgebiet-1-300x209.jpg 300w, http://www.ffw-langenisarhofen.de/wp-content/uploads/2017/07/Schutzgebiet-1-768x536.jpg 768w, http://www.ffw-langenisarhofen.de/wp-content/uploads/2017/07/Schutzgebiet-1.jpg 1500w" sizes="auto, (max-width: 860px) 100vw, 860px" /></a></p>
<p>Darüber hinaus zählt der Isardamm zwischen der Isarmündung und der Wehr beim Grafenmühlbach (Nähe Infohaus) zum Dienstbereich der FF Langenisarhofen.</p>
<p><a href="http://www.ffw-langenisarhofen.de/wp-content/uploads/2017/07/Damm-1.jpg"><img loading="lazy" decoding="async" class="alignnone wp-image-1423 size-large" src="http://www.ffw-langenisarhofen.de/wp-content/uploads/2017/07/Damm-1-1024x608.jpg" alt="" width="860" height="511" srcset="http://www.ffw-langenisarhofen.de/wp-content/uploads/2017/07/Damm-1-1024x608.jpg 1024w, http://www.ffw-langenisarhofen.de/wp-content/uploads/2017/07/Damm-1-300x178.jpg 300w, http://www.ffw-langenisarhofen.de/wp-content/uploads/2017/07/Damm-1-768x456.jpg 768w, http://www.ffw-langenisarhofen.de/wp-content/uploads/2017/07/Damm-1.jpg 1500w" sizes="auto, (max-width: 860px) 100vw, 860px" /></a></p>

<p>Das Schutzgebiet der Feuerwehr Langenisarhofen erstreckt sich über die Ortschaften Blindmühl, Gilsenöd und Langenisarhofen. Im Einsatzgebiet befinden sich neben zwei Waldflächen mit etwa 30 und 10 ha ein Lagerhaus, eine Tankstelle sowie mehrere KFZ- und Landmaschinenhändler. Außerdem liegt die Bundesstraße B8 und ein Teilabschnitt der Bahnstrecke Regensburg-Passau im Einflussgebiet. Der Schutzbereich ist im Wesentlichen festgelegt durch die Gemarkungsgrenzen der ehemaligen</p>
